 -71 = -g*z + 141. What is the tens digit of z?
5
Let l(w) = -13*w + 16. Let o(g) = -3*g + 4. Let n(y) = 2*l(y) - 9*o(y). Let q be n(8). Let x = q - 0. What is the units digit of x?
4
Let y be 2/(-9) - (-497)/9. Let l = -36 + y. Let v = l - 2. What is the tens digit of v?
1
Let r = 6 - 69. What is the hundreds digit of ((-105)/r)/(79/78 + -1)?
1
Suppose 0 = 3*n + 2*k + 52, k - 3*k - 32 = 2*n. Let q = n - -28. Let p = 26 + q. What is the units digit of p?
4
Suppose -h - 3*m + 784 = 0, 3*h - 2352 = -3*m + m. What is the hundreds digit of h?
7
Suppose 10*q - 30 = 5*q. What is the tens digit of (-2)/12 + 553/q?
9
Let n = -3 - -4. Let z = n + 24. Suppose -120 = -5*j - z. What is the units digit of j?
9
Let z be -3 + 1 - 6/(-3). Suppose 0 = 4*d - 5*t - 28, z = 2*d - 6*d - 4*t - 8. Suppose d*l = 10*l - 328. What is the tens digit of l?
4
Suppose -2 = -g - 0. Suppose 2*d + g*d = -40. Let c = 15 + d. What is the units digit of c?
5
What is the units digit of (0 + -2)/((-12)/3636)?
6
Let d be ((-4)/10)/(-4*2/120). What is the units digit of ((147/d)/7)/((-4)/(-32))?
8
Let y(m) = 7*m**2 - 111 + 0*m**2 + 4*m**2 - m + 102. What is the hundreds digit of y(5)?
2
Suppose 0 = 2*a + a - 5*j - 95, -30 = -a + 2*j. Let m = a + -25. What is the tens digit of (12/m)/(4/330)?
6
Let s(j) = j**3 + 12*j**2 + 12*j + 8. What is the tens digit of s(-10)?
8
Let h(k) = k - 25. Let p be h(12). What is the tens digit of -130*((-8)/(-36) - p/(-18))?
6
Suppose 2*j - 3457 = 3*o, 0 = -8*o + 6*o - 6. What is the hundreds digit of j?
7
Let v(j) = 10*j - 2. Let i(r) = 29*r - 5. Let x(s) = 3*i(s) - 8*v(s). What is the tens digit of x(5)?
3
Let k(j) = 5*j**2 - 17*j + 32. What is the tens digit of k(-10)?
0
Let j = 103 + -64. What is the tens digit of j?
3
Let p(m) = -3*m - 6. Let i(h) = -h + 5. Let y be i(8). Let k be p(y). Suppose 0*t - k*t + 111 = 0. What is the units digit of t?
7
Suppose k = -5, -3*r - 4*k + k = -345. Suppose 3*n = -a + 74, 2*n + 3*n - r = -a. What is the tens digit of n?
2
Let y(c) = -5*c**2 - 2*c - 9. Let f be y(4). Let b = -55 - f. Suppose -i = -4*p + 3, -5*i - p + b = -27. What is the units digit of i?
3
Let b = -22 + 16. Let g = 50 - 39. Let z = b + g. What is the units digit of z?
5
Suppose 3*t = 8*t - 5. Let v(n) = -80*n**3 - 2*n**2 + 2*n - 18. Let h(r) = 40*r**3 + r**2 - r + 8. Let k(s) = 9*h(s) + 4*v(s). What is the tens digit of k(t)?
4
Suppose -2060 = -4*c - 3*x, 2*c + 5*x = -215 + 1259. What is the tens digit of c?
1
Let h(v) = -3*v + 21. Let o be h(3). Suppose 1827 = o*x - 3*x. What is the units digit of x?
3
Suppose 0 = 5*a + 3*p - 1503, -2*a - 3*p - 86 + 680 = 0. What is the tens digit of a?
0
Let q(i) be the third derivative of -i**6/120 + 3*i**5/20 + 17*i**3/6 - 13*i**2. What is the tens digit of q(8)?
8
Let z = 131 + -68. Let c = z + -32. Let r = c - 17. What is the tens digit of r?
1
Let b(j) = 86*j + 7. What is the hundreds digit of b(12)?
0
Let b(q) = -q**2 + 9*q - 11. Let u be b(8). Let g = -1 - u. What is the units digit of 22 + (-1)/g*4?
0
Let c(m) = m**2 - 9*m + 12. Let w = -26 + 58. Suppose w = 4*p + 2*o, -4*o + 5 = 5*p - 29. What is the units digit of c(p)?
2
Let u(c) be the third derivative of c**5/60 + c**4/24 + c**3/2 - 10*c**2. Let m be u(0). Suppose 0 = n + m*n - 128. What is the tens digit of n?
3
Suppose 27 - 7 = -4*c, -4*c + 4868 = 4*k. What is the units digit of k?
2
Let s(x) = x**2 + x - 44. What is the tens digit of s(11)?
8
Suppose 96 = 7*i - i. Let t = i + 2. Let b = -17 + t. What is the units digit of b?
1
What is the tens digit of 3/(12/1897) + 16/(-64)?
7
Let q be 2*(-2)/(-2)*3. Let d(a) = 10*a - 2. What is the tens digit of d(q)?
5
Let j(r) = r. Let q be j(-4). Let n be (-170)/q*4/5. Suppose c + 3*v = 30, 0 = c - 4*c + 5*v + n. What is the units digit of c?
8
Suppose -5*t - 21 = 2*x, -5*t = -5*x - 2*t + 25. Let m be (574/4)/7*x. What is the units digit of (-3 + m/2)*2?
5
Suppose -9*y + 10*y = 3. Suppose -42 = -b + 5*o, y*o = 3*b - 109 - 41. What is the units digit of b?
2
Suppose 1308 = 6*m - 438. What is the units digit of m?
1
Suppose 0 = 3*y - 508 - 2141. What is the hundreds digit of y?
8
Let n(r) = 50*r**2 - 1 - 24*r**2 + 31*r**2. What is the tens digit of n(1)?
5
Suppose -4*r + 3*n = -0*r - 6396, 3*n + 4794 = 3*r. What is the thousands digit of r?
1
Let y = -15 - -19. What is the units digit of -1 - ((-448)/y)/4?
7
Let k(r) = -32*r**2 + 5*r + 1. Let p be k(-3). Let f = p + 451. What is the units digit of f?
9
Let m = -38 + 38. Suppose -16*a + 13*a + 477 = m. What is the tens digit of a?
5
Suppose -w = -5*a + 6250, 6275 = 5*a - 3*w + 7*w. What is the hundreds digit of a?
2
Let q = 68 + -19. Let i = q + -1. What is the tens digit of i?
4
Suppose 0 = n, 5*p - 8*p + 4*n = -12. Suppose -4*w - 13 = -1, p*v - 289 = 3*w. What is the units digit of v?
0
Let o be 1/(1/252) - -3. What is the hundreds digit of (-6)/5*o/(-3)?
1
What is the thousands digit of 2/(-4)*(-103462)/((-153)/(-9))?
3
Suppose 3*p = 2*p - 8. Let f = p - -30. Let t = -16 + f. What is the units digit of t?
6
Suppose 115*u = 105*u + 4720. What is the tens digit of u?
7
Let j be (-96)/(-64)*(-82 - 0). Let r = -15 - j. What is the units digit of r?
8
Let x(i) = i**3 + 33*i**2 + 42*i + 15. What is the hundreds digit of x(-31)?
6
Let h(y) = -y**2 - 4*y - 3. Let d be h(-5). What is the units digit of 1692/d*(-1 - 3/(-9))?
1
What is the tens digit of (109 - 109) + 3537*1?
3
Let s(z) = -z + 20. Let h be s(10). Let n be (-297)/(-15) + 2/10. Suppose -n = -5*k - 3*w + 8*w, 5*k + 5*w = -h. What is the units digit of k?
1
Let y(i) = -i**3 - 12*i**2 - 42*i + 25. What is the hundreds digit of y(-14)?
0
Let a = 1974 - 606. What is the hundreds digit of a?
3
Let u(c) = 10*c - 2 - 11*c + 5*c. Let x(q) = -q - 1. Let t(r) = -u(r) + 5*x(r). What is the units digit of t(-3)?
4
Suppose n = -2*a - 24, -62 = 5*a + 3*n - 0*n. Let g(x) = -8*x - 77. What is the units digit of g(a)?
3
Let k(i) = 2*i**2 + 15*i - 8. Let d(b) = b**3 + 9*b**2 + 9*b - 7. Let g be d(-8). What is the units digit of k(g)?
7
Suppose 6*n = 21*n - 23880. What is the units digit of n?
2
Let y(s) = -2 - s - 3*s**2 - 1 + 4*s**2. Let f(n) = -n**2 + 3. Let t be f(0). What is the units digit of y(t)?
3
Suppose -l - y = -593, 0 = l - 4*y - 494 - 74. What is the units digit of l?
8
Let l = -9 + 13. Suppose -v - v = -l. What is the units digit of (7/28)/(v/472)?
9
What is the units digit of (-20)/30 + 10270/6?
1
Let g(n) = 65*n + 2. Let q(j) = j**2 + 5*j + 1. Let y be q(-5). What is the units digit of g(y)?
7
Let o(p) = p + 14. Suppose -4*w + 15 = -4*n - 49, 0 = -n - 3. What is the units digit of o(w)?
7
Suppose 0 = 2*d - 3*c - 168, -4*d - 3*c = -6*c - 342. What is the units digit of d?
7
Suppose 2*a + z = 9, a - 15 = -3*z - z. Suppose -4*l = 20, -l + a*l = 5*y - 1010. What is the hundreds digit of y?
2
Let b(n) = 64*n + 1. Let d(l) = 256*l + 4. Let r(i) = -9*b(i) + 2*d(i). Let x be r(-1). Suppose -17 - x = -2*t. What is the tens digit of t?
4
Let q = -1387 + 2985. What is the units digit of q?
8
Let l be (-24 - 1)*16/(-40). Let c = l + -5. Suppose h - c*t - 14 = -3, t = 1. What is the units digit of h?
6
Let j(p) = -9*p**3 + 2*p**2 - 3. Let k be j(2). Let a = 171 + k. What is the tens digit of a?
0
Let s = 779 - 186. What is the units digit of s?
3
Suppose -5*c + 2*u - 6*u = 451, 4*c + 368 = -5*u. Suppose -570 - 354 = -7*r. Let j = r + c. What is the units digit of j?
5
Let b = 13 - 11. Let k be (2/b)/(-2 + 1). What is the units digit of (-3 - k)*-3 - -2?
8
Suppose -7 + 1 = 2*m. Let h be 99/6*4/m. What is the tens digit of -3 + 5 + 1 - h?
2
Suppose 163*i + 1160 = 165*i. What is the hundreds digit of i?
5
Let t be 8/(-1 + -3) + 842. Suppose 0 = -p + 6*p - t. Suppose 8*m = 12*m - p. What is the units digit of m?
2
Let o(d) = -2*d**3 - 11*d**2 - 17*d - 16. What is the tens digit of o(-7)?
5
Suppose x = 4*j - 5*j, 0 = 2*j - 2*x + 16. What is the tens digit of (-1)/(j/(-10) - 636/1540)?
7
Let c be (-2)/5 - (-261)/15. Let y(m) = -m**2 - 20*m - 94. Let k be y(-11). Let w = c + k. What is the units digit of w?
2
What is the tens digit of (30 - 31)/(1/(-851))?
5
Let n(f) = -f**3 + 7*f**2 - 6*f + 4. Let y be n(6). Let c = 9 - y. Suppose z = 3*z - 8, c*j - 51 = -4*z. What is the units digit of j?
7
Let b be -5*4/20*-4. Suppose 